{"id":88,"date":"2020-12-09T09:09:15","date_gmt":"2020-12-09T08:09:15","guid":{"rendered":"http:\/\/covecer.cz\/subdom\/kozarov\/?page_id=88"},"modified":"2020-12-23T08:37:38","modified_gmt":"2020-12-23T07:37:38","slug":"rozhledna","status":"publish","type":"page","link":"http:\/\/covecer.cz\/subdom\/kozarov\/rozhledna\/","title":{"rendered":"Rozhledna"},"content":{"rendered":"\n<div class=\"wp-block-image is-style-default\"><figure class=\"alignright size-large is-resized\"><img loading=\"lazy\" src=\"http:\/\/covecer.cz\/subdom\/kozarov\/wp-content\/uploads\/2020\/12\/P6230567-735x1024.jpg\" alt=\"\" class=\"wp-image-693\" width=\"368\" height=\"512\" srcset=\"http:\/\/covecer.cz\/subdom\/kozarov\/wp-content\/uploads\/2020\/12\/P6230567-735x1024.jpg 735w, http:\/\/covecer.cz\/subdom\/kozarov\/wp-content\/uploads\/2020\/12\/P6230567-215x300.jpg 215w, http:\/\/covecer.cz\/subdom\/kozarov\/wp-content\/uploads\/2020\/12\/P6230567-768x1069.jpg 768w, http:\/\/covecer.cz\/subdom\/kozarov\/wp-content\/uploads\/2020\/12\/P6230567-1103x1536.jpg 1103w, http:\/\/covecer.cz\/subdom\/kozarov\/wp-content\/uploads\/2020\/12\/P6230567.jpg 1149w\" sizes=\"(max-width: 368px) 100vw, 368px\" \/><\/figure><\/div>\n\n\n\n<p>Na kopci zvan\u00e9m Babylon, kter\u00fd se nach\u00e1z\u00ed v\u00fdchodn\u00edm sm\u011brem nad obc\u00ed, st\u00e1vala d\u0159ev\u011bn\u00e1 rozhledna. Tato byla po 2. sv\u011btov\u00e9 v\u00e1lce str\u017eena, nebo\u0165 jej\u00ed stav se stal nevyhovuj\u00edc\u00ed a hrozil tak jej\u00ed p\u00e1d. V&nbsp;roce 1999 se rozhodla spole\u010dnost \u010cesk\u00fd mobil a.s. pro svoji tehdej\u0161\u00ed mobiln\u00ed s\u00ed\u0165 Oskar zde vybudovat tzv.&nbsp;uzlov\u00fd bod pro sv\u00e9 jednotliv\u00e9 vysila\u010de v&nbsp;okol\u00ed. Pr\u00e1v\u011b v&nbsp;t\u00e9to dob\u011b uva\u017eovali zastupitel\u00e9 obce o&nbsp;znovuobnoven\u00ed t\u00e9to rozhledny. Bylo zapo\u010dato s&nbsp;hled\u00e1n\u00edm sponzor\u016f a mo\u017enost\u00ed z\u00edsk\u00e1n\u00ed finan\u010dn\u00edch prost\u0159edk\u016f. A pr\u00e1v\u011b t\u00e9to p\u0159\u00edle\u017eitosti vyu\u017eilo tehdej\u0161\u00ed zastupitelstvo a vstoupilo do&nbsp;jedn\u00e1n\u00ed se&nbsp;spole\u010dnost\u00ed Ericsson, kter\u00e1 tuto stavbu pro spole\u010dnost \u010cesk\u00fd Mobil zaji\u0161\u0165ovala. Obec se tak za\u010dala spolupod\u00edlet na v\u00fdstavb\u011b tohoto vys\u00edla\u010de formou pomoci p\u0159i vy\u0159izov\u00e1n\u00ed r\u016fzn\u00fdch administrativn\u00edch z\u00e1le\u017eitost\u00ed a spole\u010dnosti nab\u00eddla mo\u017enost se p\u0159ipojit na rozvod el. energie, kterou m\u00e1 na Babylon dovedenu. Po cel\u00e9 \u0159ad\u011b jedn\u00e1n\u00ed se spole\u010dnost \u010cesk\u00fd mobil rozhodla celou akci zafinancovat bez&nbsp;jak\u00e9koliv spolu\u00fa\u010dasti obce. Dokonce z&nbsp;d\u016fvodu p\u0159\u00edstupu speci\u00e1ln\u00edho je\u0159\u00e1bu musela zpevnit p\u0159\u00edstupovou komunikaci. A tak od roku 2000 zde obec provozuje rozhlednu (655 m n.m.). V&nbsp;roce 2006 zde obec vybudovala novou budovu slou\u017e\u00edc\u00ed k&nbsp;pod\u00e1v\u00e1n\u00ed ob\u010derstven\u00ed, WC a \u0161atny pro hr\u00e1\u010de mal\u00e9 kopan\u00e9 z&nbsp;dotace z&nbsp;programu LEADER \u010cR z\u00edskan\u00e9 p\u0159es MAS Boskovicko Plus. Za jasn\u00e9ho po\u010das\u00ed je&nbsp;mo\u017eno spat\u0159it poho\u0159\u00ed Jesen\u00edk\u016f s&nbsp;Prad\u011bdem na stran\u011b severov\u00fdchodn\u00ed a na jihu pak kopce P\u00e1lavy. Boskovick\u00e1 br\u00e1zda je zde vid\u011bt jako na dlani a v&nbsp;d\u00e1lce v\u00fdchodn\u00edm sm\u011brem uvid\u00edte v\u011btrn\u00e9 elektr\u00e1rny u&nbsp;Protivanova nebo meteorologick\u00fd radar nad obc\u00ed Bene\u0161ov. Jihoz\u00e1padn\u00edm sm\u011brem jsou nep\u0159ehl\u00e9dnuteln\u00e9 v\u011b\u017ee Dukovansk\u00e9 elektr\u00e1rny a pomoc\u00ed dalekohledu nainstalovan\u00fdm na v\u011b\u017ei zahl\u00e9dnete i proj\u00ed\u017ed\u011bj\u00edc\u00ed auta na&nbsp;D1 u Velk\u00e9 B\u00edte\u0161e.<\/p>\n\n\n\n<div class=\"wp-block-image is-style-default\"><figure class=\"alignleft size-large is-resized\"><img loading=\"lazy\" src=\"http:\/\/covecer.cz\/subdom\/kozarov\/wp-content\/uploads\/2020\/12\/P1010329-1024x768.jpg\" alt=\"\" class=\"wp-image-696\" width=\"512\" height=\"384\" srcset=\"http:\/\/covecer.cz\/subdom\/kozarov\/wp-content\/uploads\/2020\/12\/P1010329-1024x768.jpg 1024w, http:\/\/covecer.cz\/subdom\/kozarov\/wp-content\/uploads\/2020\/12\/P1010329-300x225.jpg 300w, http:\/\/covecer.cz\/subdom\/kozarov\/wp-content\/uploads\/2020\/12\/P1010329-768x576.jpg 768w, http:\/\/covecer.cz\/subdom\/kozarov\/wp-content\/uploads\/2020\/12\/P1010329.jpg 1536w\" sizes=\"(max-width: 512px) 100vw, 512px\" \/><\/figure><\/div>\n\n\n\n<p>V&nbsp;dal\u0161\u00ed etap\u011b zde obec provedla dostavbu cel\u00e9ho are\u00e1lu spo\u010d\u00edvaj\u00edc\u00ed ve vybudov\u00e1n\u00ed parkovi\u0161t\u011b, dla\u017eby, v\u00fdsadba zelen\u011b, oplocen\u00ed cel\u00e9ho are\u00e1lu a ter\u00e9nn\u00edch \u00faprav\u00e1ch. Akce byla financov\u00e1na z&nbsp;dotace ze&nbsp;struktur\u00e1ln\u00edch fond\u016f EU poskytnut\u00fdch pr\u00e1v\u011b p\u0159es MAS Boskovicko PLUS ve v\u00fd\u0161i 880.000,- K\u010d. Je&nbsp;zde tak\u00e9 tane\u010dn\u00ed parket s&nbsp;kryt\u00fdm p\u00f3diem pro muzikanty, na jeho\u017e vybudov\u00e1n\u00ed se pod\u00edlel Jihomoravsk\u00fd kraj formou dotac\u00ed z&nbsp;Programu rozvoje venkova v&nbsp;celkov\u00e9 v\u00fd\u0161i 258.000,- K\u010d.<br>V&nbsp;sou\u010dasn\u00e9 dob\u011b je zde zaji\u0161t\u011bn provoz v&nbsp;dob\u011b letn\u00edch pr\u00e1zdnin krom\u011b pond\u011bl\u00ed ka\u017ed\u00fd den a v&nbsp;dob\u011b mimo pr\u00e1zdniny soboty a ned\u011ble, pop\u0159\u00edpad\u011b dle individu\u00e1ln\u00ed domluvy. U hlavn\u00ed budovy ob\u010derstven\u00ed a&nbsp;WC je kryt\u00fd p\u0159\u00edst\u0159e\u0161ek pro cca 100 osob, kam je mo\u017eno se uch\u00fdlit v&nbsp;p\u0159\u00edpad\u011b \u0161patn\u00e9ho po\u010das\u00ed nebo de\u0161t\u011b. Uvnit\u0159 budovy do\u0161lo k&nbsp;men\u0161\u00edm \u00faprav\u00e1m oproti p\u016fvodn\u00edmu stavu. Na z\u00e1klad\u011b pot\u0159eb vyvolan\u00fdch n\u00e1v\u0161t\u011bvn\u00edky do\u0161lo k&nbsp;\u00faprav\u011b vnit\u0159n\u00edho prostoru a d\u00e1le zde bylo nainstalov\u00e1no vyt\u00e1p\u011bn\u00ed krbov\u00fdmi kamny. Tak\u017ee v&nbsp;p\u0159\u00edpad\u011b nep\u0159\u00edzniv\u00e9ho po\u010das\u00ed zde najde p\u0159\u00edjemn\u00e9 posezen\u00ed cca 20 \u2013 25 host\u016f.<br>Pokud se t\u00fdk\u00e1 po\u0159\u00e1d\u00e1n\u00ed r\u016fzn\u00fdch akc\u00ed, tyto zde prob\u00edhaj\u00ed v&nbsp;pr\u016fb\u011bhu cel\u00e9ho roku. Od po\u0159\u00e1d\u00e1n\u00ed her pro&nbsp;d\u011bti, oslavy Dne d\u011bt\u00ed a\u017e po po\u0159\u00e1d\u00e1n\u00ed tane\u010dn\u00edch z\u00e1bav, country b\u00e1l\u016f, zab\u00edja\u010dky a dal\u0161\u00edch akc\u00ed po\u0159\u00e1dan\u00fdch r\u016fzn\u00fdmi organizacemi.<br>Firmy zde maj\u00ed mo\u017enost uspo\u0159\u00e1dat r\u016fzn\u00e1 firemn\u00ed setk\u00e1n\u00ed ale stejn\u011b tak i fyzick\u00e9 osoby r\u016fzn\u00e9 rodinn\u00e9 oslavy a setk\u00e1n\u00ed, svatby a podobn\u00e9 akce s&nbsp;mo\u017enost\u00ed grilov\u00e1n\u00ed a p\u0159\u00edpravy r\u016fzn\u00fdch specialit.<\/p>\n\n\n\n<div class=\"wp-block-image is-style-default\"><figure class=\"aligncenter size-large is-resized\"><a href=\"https:\/\/www.facebook.com\/Bistro-Babylon-Koz%C3%A1rov-1420763227989022\/\" target=\"_blank\" rel=\"noopener\"><img loading=\"lazy\" src=\"http:\/\/covecer.cz\/subdom\/kozarov\/wp-content\/uploads\/2020\/12\/Bistro-Babylon-logo.png\" alt=\"\" class=\"wp-image-699\" width=\"199\" height=\"210\"\/><\/a><\/figure><\/div>\n\n\n\n<p class=\"has-text-align-center\"><strong><a href=\"https:\/\/www.facebook.com\/Bistro-Babylon-Koz%C3%A1rov-1420763227989022\/\" data-type=\"URL\" data-id=\"https:\/\/www.facebook.com\/Bistro-Babylon-Koz%C3%A1rov-1420763227989022\/\" target=\"_blank\" rel=\"noreferrer noopener\">Bli\u017e\u0161\u00ed informace o provozu naleznete ZDE<\/a><\/strong>.<\/p>\n","protected":false},"excerpt":{"rendered":"<p>Na kopci zvan\u00e9m Babylon, kter\u00fd se nach\u00e1z\u00ed v\u00fdchodn\u00edm sm\u011brem nad obc\u00ed, st\u00e1vala d\u0159ev\u011bn\u00e1 rozhledna. Tato byla po 2. sv\u011btov\u00e9 v\u00e1lce str\u017eena, nebo\u0165 jej\u00ed stav se&hellip;<\/p>\n","protected":false},"author":1,"featured_media":0,"parent":0,"menu_order":0,"comment_status":"closed","ping_status":"closed","template":"","meta":{"ngg_post_thumbnail":0},"_links":{"self":[{"href":"http:\/\/covecer.cz\/subdom\/kozarov\/wp-json\/wp\/v2\/pages\/88"}],"collection":[{"href":"http:\/\/covecer.cz\/subdom\/kozarov\/wp-json\/wp\/v2\/pages"}],"about":[{"href":"http:\/\/covecer.cz\/subdom\/kozarov\/wp-json\/wp\/v2\/types\/page"}],"author":[{"embeddable":true,"href":"http:\/\/covecer.cz\/subdom\/kozarov\/wp-json\/wp\/v2\/users\/1"}],"replies":[{"embeddable":true,"href":"http:\/\/covecer.cz\/subdom\/kozarov\/wp-json\/wp\/v2\/comments?post=88"}],"version-history":[{"count":9,"href":"http:\/\/covecer.cz\/subdom\/kozarov\/wp-json\/wp\/v2\/pages\/88\/revisions"}],"predecessor-version":[{"id":703,"href":"http:\/\/covecer.cz\/subdom\/kozarov\/wp-json\/wp\/v2\/pages\/88\/revisions\/703"}],"wp:attachment":[{"href":"http:\/\/covecer.cz\/subdom\/kozarov\/wp-json\/wp\/v2\/media?parent=88"}],"curies":[{"name":"wp","href":"https:\/\/api.w.org\/{rel}","templated":true}]}}

<div class="wp-block-image is-style-default"><figure class="alignright size-large is-resized"><img loading="lazy" src="http://covecer.cz/subdom/kozarov/wp-content/uploads/2020/12/P6230567-735x1024.jpg" alt="" class="wp-image-693" width="368" height="512" srcset="http://covecer.cz/subdom/kozarov/wp-content/uploads/2020/12/P6230567-735x1024.jpg 735w, http://covecer.cz/subdom/kozarov/wp-content/uploads/2020/12/P6230567-215x300.jpg 215w, http://covecer.cz/subdom/kozarov/wp-content/uploads/2020/12/P6230567-768x1069.jpg 768w, http://covecer.cz/subdom/kozarov/wp-content/uploads/2020/12/P6230567-1103x1536.jpg 1103w, http://covecer.cz/subdom/kozarov/wp-content/uploads/2020/12/P6230567.jpg 1149w" sizes="(max-width: 368px) 100vw, 368px" /></figure></div>



<p>Na kopci zvaném Babylon, který se nachází východním směrem nad obcí, stávala dřevěná rozhledna. Tato byla po 2. světové válce stržena, neboť její stav se stal nevyhovující a hrozil tak její pád. V&nbsp;roce 1999 se rozhodla společnost Český mobil a.s. pro svoji tehdejší mobilní síť Oskar zde vybudovat tzv.&nbsp;uzlový bod pro své jednotlivé vysilače v&nbsp;okolí. Právě v&nbsp;této době uvažovali zastupitelé obce o&nbsp;znovuobnovení této rozhledny. Bylo započato s&nbsp;hledáním sponzorů a možností získání finančních prostředků. A právě této příležitosti využilo tehdejší zastupitelstvo a vstoupilo do&nbsp;jednání se&nbsp;společností Ericsson, která tuto stavbu pro společnost Český Mobil zajišťovala. Obec se tak začala spolupodílet na výstavbě tohoto vysílače formou pomoci při vyřizování různých administrativních záležitostí a společnosti nabídla možnost se připojit na rozvod el. energie, kterou má na Babylon dovedenu. Po celé řadě jednání se společnost Český mobil rozhodla celou akci zafinancovat bez&nbsp;jakékoliv spoluúčasti obce. Dokonce z&nbsp;důvodu přístupu speciálního jeřábu musela zpevnit přístupovou komunikaci. A tak od roku 2000 zde obec provozuje rozhlednu (655 m n.m.). V&nbsp;roce 2006 zde obec vybudovala novou budovu sloužící k&nbsp;podávání občerstvení, WC a šatny pro hráče malé kopané z&nbsp;dotace z&nbsp;programu LEADER ČR získané přes MAS Boskovicko Plus. Za jasného počasí je&nbsp;možno spatřit pohoří Jeseníků s&nbsp;Pradědem na straně severovýchodní a na jihu pak kopce Pálavy. Boskovická brázda je zde vidět jako na dlani a v&nbsp;dálce východním směrem uvidíte větrné elektrárny u&nbsp;Protivanova nebo meteorologický radar nad obcí Benešov. Jihozápadním směrem jsou nepřehlédnutelné věže Dukovanské elektrárny a pomocí dalekohledu nainstalovaným na věži zahlédnete i projíždějící auta na&nbsp;D1 u Velké Bíteše.</p>



<div class="wp-block-image is-style-default"><figure class="alignleft size-large is-resized"><img loading="lazy" src="http://covecer.cz/subdom/kozarov/wp-content/uploads/2020/12/P1010329-1024x768.jpg" alt="" class="wp-image-696" width="512" height="384" srcset="http://covecer.cz/subdom/kozarov/wp-content/uploads/2020/12/P1010329-1024x768.jpg 1024w, http://covecer.cz/subdom/kozarov/wp-content/uploads/2020/12/P1010329-300x225.jpg 300w, http://covecer.cz/subdom/kozarov/wp-content/uploads/2020/12/P1010329-768x576.jpg 768w, http://covecer.cz/subdom/kozarov/wp-content/uploads/2020/12/P1010329.jpg 1536w" sizes="(max-width: 512px) 100vw, 512px" /></figure></div>



<p>V&nbsp;další etapě zde obec provedla dostavbu celého areálu spočívající ve vybudování parkoviště, dlažby, výsadba zeleně, oplocení celého areálu a terénních úpravách. Akce byla financována z&nbsp;dotace ze&nbsp;strukturálních fondů EU poskytnutých právě přes MAS Boskovicko PLUS ve výši 880.000,- Kč. Je&nbsp;zde také taneční parket s&nbsp;krytým pódiem pro muzikanty, na jehož vybudování se podílel Jihomoravský kraj formou dotací z&nbsp;Programu rozvoje venkova v&nbsp;celkové výši 258.000,- Kč.<br>V&nbsp;současné době je zde zajištěn provoz v&nbsp;době letních prázdnin kromě pondělí každý den a v&nbsp;době mimo prázdniny soboty a neděle, popřípadě dle individuální domluvy. U hlavní budovy občerstvení a&nbsp;WC je krytý přístřešek pro cca 100 osob, kam je možno se uchýlit v&nbsp;případě špatného počasí nebo deště. Uvnitř budovy došlo k&nbsp;menším úpravám oproti původnímu stavu. Na základě potřeb vyvolaných návštěvníky došlo k&nbsp;úpravě vnitřního prostoru a dále zde bylo nainstalováno vytápění krbovými kamny. Takže v&nbsp;případě nepříznivého počasí zde najde příjemné posezení cca 20 – 25 hostů.<br>Pokud se týká pořádání různých akcí, tyto zde probíhají v&nbsp;průběhu celého roku. Od pořádání her pro&nbsp;děti, oslavy Dne dětí až po pořádání tanečních zábav, country bálů, zabíjačky a dalších akcí pořádaných různými organizacemi.<br>Firmy zde mají možnost uspořádat různá firemní setkání ale stejně tak i fyzické osoby různé rodinné oslavy a setkání, svatby a podobné akce s&nbsp;možností grilování a přípravy různých specialit.</p>



<div class="wp-block-image is-style-default"><figure class="aligncenter size-large is-resized"><a href="https://www.facebook.com/Bistro-Babylon-Koz%C3%A1rov-1420763227989022/" target="_blank" rel="noopener"><img loading="lazy" src="http://covecer.cz/subdom/kozarov/wp-content/uploads/2020/12/Bistro-Babylon-logo.png" alt="" class="wp-image-699" width="199" height="210"/></a></figure></div>



<p class="has-text-align-center"><strong><a href="https://www.facebook.com/Bistro-Babylon-Koz%C3%A1rov-1420763227989022/" data-type="URL" data-id="https://www.facebook.com/Bistro-Babylon-Koz%C3%A1rov-1420763227989022/" target="_blank" rel="noreferrer noopener">Bližší informace o provozu naleznete ZDE</a></strong>.</p>

<p>Na kopci zvaném Babylon, který se nachází východním směrem nad obcí, stávala dřevěná rozhledna. Tato byla po 2. světové válce stržena, neboť její stav se&hellip;</p>
